{"id":3817,"date":"2022-06-09T09:58:50","date_gmt":"2022-06-09T07:58:50","guid":{"rendered":"http:\/\/marchedudimanche.be\/wordpress\/?page_id=3817"},"modified":"2022-06-09T15:47:50","modified_gmt":"2022-06-09T13:47:50","slug":"mailchimp-inscription","status":"publish","type":"page","link":"http:\/\/marchedudimanche.be\/wordpress\/mailchimp-inscription\/","title":{"rendered":"Inscription"},"content":{"rendered":"\n<script>(function() {\n\twindow.mc4wp = window.mc4wp || {\n\t\tlisteners: [],\n\t\tforms: {\n\t\t\ton: function(evt, cb) {\n\t\t\t\twindow.mc4wp.listeners.push(\n\t\t\t\t\t{\n\t\t\t\t\t\tevent   : evt,\n\t\t\t\t\t\tcallback: cb\n\t\t\t\t\t}\n\t\t\t\t);\n\t\t\t}\n\t\t}\n\t}\n})();\n<\/script><!-- Mailchimp for WordPress v4.10.2 - https:\/\/wordpress.org\/plugins\/mailchimp-for-wp\/ --><form id=\"mc4wp-form-1\" class=\"mc4wp-form mc4wp-form-3819\" method=\"post\" data-id=\"3819\" data-name=\"Mailchimp-inscription\" ><div class=\"mc4wp-form-fields\">En remplissant le formulaire suivant, vous acceptez de vous <b>abonner \u00e0 notre liste diffusion<\/b> externalis\u00e9e sur <a href=\"http:\/\/mailchimp.com\/fr\" target=\"_blank\">MailChimp<\/a> pour \u00eatre inform\u00e9 de nos randonn\u00e9es.\r\n<br>\r\n<hr>\r\n<table border=0>\r\n<tr><td>E-mail:<\/td>\r\n<td>\r\n<input type=\"email\" name=\"EMAIL\" required=\"\">\r\n<\/td><\/tr>\r\n<tr><td>Nom:<\/td>\r\n<td>\r\n<input type=\"text\" name=\"NOM\" required=\"\">\r\n<\/td><\/tr>\r\n<tr><td>Pr\u00e9nom:<\/td><td>\r\n<input type=\"text\" name=\"PRENOM\" required=\"\">\r\n<\/td><\/tr>\r\n<tr><td>Sexe:<\/td><td>  \r\n    <input name=\"SEXE\" type=\"radio\" value=\"Masculin\" required=\"\"> <span>Masculin<\/span>\r\n    <input name=\"SEXE\" type=\"radio\" value=\"F\u00e9minin\" required=\"\"> <span>F\u00e9minin<\/span>\r\n<\/td><\/tr>\r\n  <tr><td>Date de naissance<\/td><td>\r\n<input type=\"date\" name=\"DATENAIS\"><br>Vous pouvez aussi encoder directement votre date de naissance plut\u00f4t que d'utiliser le calendrier.\r\n<\/td><\/tr>\r\n<tr><td>Adresse<\/td>\r\n<td><input type=\"text\" name=\"ADRESSE\">\r\n<\/td><\/tr>\r\n  <tr><td>N\u00b0 postal<\/td><td>\r\n<input type=\"text\" name=\"NPOSTAL\">\r\n<\/td><\/tr>\r\n<tr><td>Localit\u00e9<\/td><td>\r\n<input type=\"text\" name=\"LOCALITE\">\r\n<\/td><\/tr>\r\n<tr><td>Pays: <\/td>\r\n<td>\r\n<input type=\"text\" name=\"PAYS\" value=\"Belgique\">\r\n<\/td>\r\n<\/tr>\r\n<tr><td>T\u00e9l\u00e9phone:<\/td>\r\n<td><input type=\"text\" name=\"TEL\">\r\n<\/td><\/tr>\r\n<tr><td>GSM:<\/td>\r\n<td>    \r\n<input type=\"text\" name=\"GSM\">\r\n<\/td><\/tr>\r\n<tr><td><\/td><td><input type=\"submit\" value=\"M'abonner\">\r\n<\/td><\/tr>  \r\n<\/table><\/div><label style=\"display: none !important;\">Laissez ce champ vide si vous \u00eates humain\u00a0: <input type=\"text\" name=\"_mc4wp_honeypot\" value=\"\" tabindex=\"-1\" autocomplete=\"off\" \/><\/label><input type=\"hidden\" name=\"_mc4wp_timestamp\" value=\"1776167349\" \/><input type=\"hidden\" name=\"_mc4wp_form_id\" value=\"3819\" \/><input type=\"hidden\" name=\"_mc4wp_form_element_id\" value=\"mc4wp-form-1\" \/><div class=\"mc4wp-response\"><\/div><\/form><!-- \/ Mailchimp for WordPress Plugin -->\n","protected":false},"excerpt":{"rendered":"","protected":false},"author":1,"featured_media":0,"parent":0,"menu_order":0,"comment_status":"closed","ping_status":"closed","template":"","meta":{"footnotes":""},"class_list":["post-3817","page","type-page","status-publish","hentry"],"_links":{"self":[{"href":"http:\/\/marchedudimanche.be\/wordpress\/wp-json\/wp\/v2\/pages\/3817","targetHints":{"allow":["GET"]}}],"collection":[{"href":"http:\/\/marchedudimanche.be\/wordpress\/wp-json\/wp\/v2\/pages"}],"about":[{"href":"http:\/\/marchedudimanche.be\/wordpress\/wp-json\/wp\/v2\/types\/page"}],"author":[{"embeddable":true,"href":"http:\/\/marchedudimanche.be\/wordpress\/wp-json\/wp\/v2\/users\/1"}],"replies":[{"embeddable":true,"href":"http:\/\/marchedudimanche.be\/wordpress\/wp-json\/wp\/v2\/comments?post=3817"}],"version-history":[{"count":10,"href":"http:\/\/marchedudimanche.be\/wordpress\/wp-json\/wp\/v2\/pages\/3817\/revisions"}],"predecessor-version":[{"id":3836,"href":"http:\/\/marchedudimanche.be\/wordpress\/wp-json\/wp\/v2\/pages\/3817\/revisions\/3836"}],"wp:attachment":[{"href":"http:\/\/marchedudimanche.be\/wordpress\/wp-json\/wp\/v2\/media?parent=3817"}],"curies":[{"name":"wp","href":"https:\/\/api.w.org\/{rel}","templated":true}]}}